in base 12?
-19
-57 (base 13) to base 10
-72
-1 (base 12) to base 10
-1
What is 20 (base 10) in base 11?
19
263 (base 9) to base 11
18a
Convert -a5 (base 13) to base 4.
-2013
What is 167 (base 10) in base 7?
326
36 (base 8) to base 2
11110
Convert -15 (base 14) to base 15.
-14
-265 (base 10) to base 12
-1a1
What is 1 (base 2) in base 13?
1
-31 (base 12) to base 13
-2b
Convert -212 (base 6) to base 10.
-80
Convert 5 (base 12) to base 6.
5
-10111 (base 2) to base 4
-113
What is -2 (base 4) in base 7?
-2
-68 (base 12) to base 2
-1010000
What is -2e (base 16) in base 13?
-37
What is 13 (base 4) in base 15?
7
Convert -32 (base 11) to base 4.
-203
What is 100 (base 2) in base 14?
4
What is 4 (base 9) in base 4?
10
What is -302 (base 6) in base 5?
-420
Convert 4 (base 13) to base 7.
4
What is 0 (base 6) in base 13?
0
Convert 7a (base 15) to base 13.
8b
Convert 60 (base 11) to base 13.
51
0 (base 3) to base 5
0
What is -3 (base 14) in base 13?
-3
-1 (base 2) to base 9
-1
1 (base 16) to base 2
1
3d (base 15) to base 10
58
What is 13 (base 15) in base 8?
22
What is -1120 (base 4) in base 8?
-130
What is 4 (base 10) in base 6?
4
Convert -23 (base 5) to base 13.
-10
-9 (base 10) to base 3
-100
Convert 212 (base 3) to base 10.
23
Convert 1101 (base 2) to base 3.
111
What is 5d (base 14) in base 12?
6b
Convert -39 (base 11) to base 12.
-36
7 (base 12) to base 6
11
Convert -10011 (base 2) to base 16.
-13
What is -23 (base 4) in base 14?
-b
-102 (base 6) to base 16
-26
What is -112 (base 5) in base 13?
-26
-3 (base 4) to base 7
-3
What is 3311 (base 4) in base 10?
245
What is -57 (base 14) in base 13?
-5c
Convert 13 (base 8) to base 10.
11
Convert -4 (base 14) to base 7.
-4
Convert -140 (base 6) to base 12.
-50
What is -2 (base 7) in base 10?
-2
Convert 2 (base 4) to base 7.
2
c (base 15) to base 14
c
What is -20 (base 8) in base 13?
-13
1b (base 12) to base 3
212
What is -162 (base 10) in base 5?
-1122
-140 (base 8) to base 15
-66
Convert -1 (base 2) to base 9.
-1
What is 6 (base 14) in base 7?
6
-2002 (base 4) to base 14
-94
Convert -114 (base 10) to base 9.
-136
1 (base 10) to base 12
1
What is -52 (base 6) in base 12?
-28
113 (base 9) to base 14
69
-1b (base 12) to base 16
-17
Convert 34 (base 10) to base 3.
1021
What is -110 (base 10) in base 13?
-86
-6 (base 14) to base 11
-6
What is -4 (base 8) in base 14?
-4
-48 (base 16) to base 7
-132
Convert -326 (base 8) to base 13.
-136
What is c (base 14) in base 12?
10
Convert -11 (base 3) to base 7.
-4
225 (base 8) to base 13
b6
What is -2 (base 13) in base 9?
-2
Convert 34 (base 5) to base 2.
10011
Convert -3 (base 12) to base 10.
-3
-9 (base 11) to base 4
-21
Convert -2 (base 7) to base 13.
-2
Convert 320 (base 4) to base 9.
62
Convert 2 (base 15) to base 8.
2
23 (base 6) to base 3
120
Convert 47 (base 13) to base 12.
4b
What is -b (base 16) in base 13?
-b
-2 (base 9) to base 6
-2
Convert 112 (base 5) to base 2.
100000
Convert -53 (base 9) to base 5.
-143
18 (base 9) to base 11
16
6 (base 12) to base 11
6
Convert 26 (base 8) to base 15.
17
What is 184 (base 9) in base 7?
313
Convert 20 (base 10) to base 6.
32
Convert d (base 16) to base 3.
111
Convert 307 (base 9) to base 8.
372
Convert 71 (base 10) to base 4.
1013
What is -57 (base 10) in base 5?
-212
What is -73 (base 11) in base 16?
-50
135 (base 9) to base 15
78
What is 3 (base 8) in base 3?
10
What is -10 (base 3) in base 16?
-3
-1022 (base 3) to base 8
-43
Convert 0 (base 11) to base 5.
0
-4 (base 11) to base 5
-4
Convert 3 (base 12) to base 10.
3
-21 (base 8) to base 11
-16
Convert -1 (base 10) to base 2.
-1
What is -12 (base 4) in base 16?
-6
Convert -68 (base 10) to base 6.
-152
Convert -8 (base 9) to base 16.
-8
What is -1 (base 6) in base 7?
-1
Convert 48 (base 11) to base 6.
124
Convert 6 (base 15) to base 10.
6
What is -3 (base 16) in base 4?
-3
Convert 0 (base 10) to base 14.
0
What is -5 (base 11) in base 15?
-5
3d (base 16) to base 11
56
What is c3 (base 14) in base 2?
10101011
Convert -3 (base 13) to base 3.
-10
Convert 14 (base 6) to base 7.
13
What is -16 (base 16) in base 15?
-17
What is 1 (base 15) in base 2?
1
What is 10 (base 8) in base 13?
8
What is 51 (base 13) in base 7?
123
What is 0 (base 5) in base 2?
0
What is -1201 (base 4) in base 15?
-67
What is 1 (base 4) in base 10?
1
Convert -1 (base 10) to base 16.
-1
Convert -1011 (base 3) to base 5.
-111
Convert -30 (base 15) to base 13.
-36
Convert 0 (base 2) to base 14.
0
21 (base 12) to base 4
121
What is 20 (base 3) in base 8?
6
What is 21 (base 5) in base 16?
b
10 (base 2) to base 7
2
-2 (base 11) to base 5
-2
What is 51 (base 10) in base 8?
63
Convert -83 (base 11) to base 2.
-1011011
What is 3 (base 14) in base 4?
3
What is 3 (base 11) in base 5?
3
107 (base 9) to base 10
88
What is -10011110 (base 2) in base 10?
-158
5 (base 12) to base 14
5
What is -1 (base 11) in base 16?
-1
100 (base 3) to base 13
9
Convert -62 (base 13) to base 9.
-88
5 (base 7) to base 14
5
-5 (base 9) to base 3
-12
Convert 28 (base 11) to base 4.
132
Convert -13 (base 9) to base 2.
-1100
What is 4 (base 10) in base 5?
4
What is 0 (base 12) in base 10?
0
Convert -25 (base 6) to base 13.
-14
What is -9 (base 11) in base 8?
-11
130 (base 5) to base 8
50
-32 (base 4) to base 11
-13
What is -13 (base 10) in base 9?
-14
What is 3 (base 11) in base 8?
3
What is 11 (base 7) in base 8?
10
33 (base 13) to base 5
132
2 (base 16) to base 6
2
123 (base 10) to base 11
102
What is -134 (base 16) in base 2?
-100110100
-c (base 14) to base 16
-c
What is c (base 14) in base 5?
22
0 (base 13) to base 7
0
Convert 6 (base 10) to base 16.
6
What is 116 (base 8) in base 6?
210
231 (base 7) to base 2
1111000
1 (base 13) to base 11
1
-252 (base 7) to base 2
-10000111
What is 4 (base 7) in base 4?
10
What is 6 (base 13) in base 2?
110
-100 (base 2) to base 8
-4
411 (base 5) to base 15
71
What is 202 (base 3) in base 10?
20
4 (base 5) to base 16
4
Convert -19a (base 12) to base 15.
-127
What is -b (base 15) in base 14?
-b
-1010110 (base 2) to base 16
-56
Convert -10 (base 7) to base 13.
-7
Convert -515 (base 6) to base 7.
-362
Convert -1102 (base 5) to base 11.
-129
What is 9 (base 11) in base 12?
9
What is 11 (base 6) in base 12?
7
Convert 115 (base 14) to base 15.
e5
Convert c (base 16) to base 14.
c
What is -24 (base 5) in base 12?
-12
What is 1 (base 7) in base 2?
1
-44 (base 8) to base 5
-121
Convert -11111100 (base 2) to base 4.
-3330
Convert 0 (base 2) to base 8.
0
What is 212 (base 4) in base 2?
100110
Convert -6b (base 12) to base 2.
-1010011
4 (base 11) to base 3
11
-13 (base 6) to base 15
-9
Convert -86 (base 11) to base 8.
-136
150 (base 13) to base 3
22200
Convert 3 (base 6) to base 3.
10
Convert 10 (base 9) to base 2.
1001
Convert 20 (base 4) to base 15.
8
What is d8 (base 15) in base 14?
107
34 (base 12) to base 3
1111
Convert 6 (base 10) to base 6.
10
-11 (base 2) to base 9
-3
What is -1 (base 8) in base 10?
-1
What is 102 (base 4) in base 9?
20
d (base 16) to base 10
13
What is 19 (base 11) in base 9?
22
0 (base 3) to base 4
0
What is 22 (base 7) in base 11?
15
What is -201 (base 4) in base 5?
-113
16 (base 14) to base 7
26
-5 (base 7) to base 9
-5
What is 3 (base 14) in base 7?
3
What is 0 (base 12) in base 5?
0
-2100 (base 4) to base 6
-400
What is 4 (base 13) in base 15?
4
Convert -2 (base 4) to base 3.
-2
What is -18 (base 13) in base 9?
-23
-b (base 15) to base 10
-11
4 (base 10) to base 2
100
5 (base 14) to base 5
10
-3 (base 15) to base 12
-3
What is -45 (base 12) in base 14?
-3b
Convert 3 (base 14) to base 2.
11
Convert 20 (base 15) to base 14.
22
Convert -14 (base 14) to base 5.
-33
Convert 1011 (base 2) to base 4.
23
What is 10 (base 4) in base 8?
4
Convert -11 (base 5) to base 4.
-12
Convert 0 (base 8) to base 10.
0
-22 (base 13) to base 16
-1c
Convert 44 (base 15) to base 9.
71
What is -43 (base 6) in base 14?
-1d
412 (base 5) to base 4
1223
Convert 3 (base 6) to base 15.
3
Convert -3 (base 4) to base 6.
-3
What is 9 (base 14) in base 13?
9
What is -26 (base 11) in base 9?
-31
61 (base 7) to base 12
37
What is -140 (base 7) in base 11?
-70
What is -10 (base 2) in base 16?
-2
What is 15 (base 13) in base 4?
102
-145 (base 8) to base 14
-73
Convert -18 (base 9) to base 2.
-10001
28 (base 11) to base 1